2. Determine h(o).
-4
Suppose 15 = 5*y - 3*y + 5*j, -y - 2*j + 9 = 0. Let h(o) = -10 - 7 + y + 5*o. Determine h(-3).
-17
Let c(n) = 30*n**2 - 33*n - 41. Let k(i) = -7*i**2 + 7*i + 10. Let m(r) = -2*c(r) - 9*k(r). What is m(4)?
52
Suppose 4*w + 3*u = 0, 29 = 5*w + 3*u + 26. Let b(d) = d**3 - 3*d**2 + 5*d - 1. Give b(w).
14
Suppose -r = 2*x + r - 8, 4*x - 3*r + 5 = 0. Let n(p) = 8*p**3 - p. What is n(x)?
7
Let g(w) = -4*w - 3 + 7*w + 2 - 2*w. Let u be g(-1). Let f(z) = 8*z. Let v(o) = -33*o + 1. Let y(h) = -9*f(h) - 2*v(h). Calculate y(u).
10
Let p(d) be the third derivative of d**6/120 - d**5/12 + d**4/8 + d**3/2 + 9*d**2. Determine p(5).
18
Let c(q) = -13*q**2 - q. Let j(f) = f + 8. Let x be j(-6). Suppose -2 = x*g, l = 5*l + 4*g. What is c(l)?
-14
Let u(w) = w**3 - 3*w**2 + 2. Let g = -28 - -42. Suppose -2*q - g = -5*q - 4*r, -5*r + 18 = 4*q. Determine u(q).
-2
Let i(n) = -n - 2. Let c be (7 - 9 - 4)/((-3)/4). Give i(c).
-10
Let g(y) = -7*y**2 + 0 + 7*y**2 - y**3 - 1. Let n(o) = -7*o**3 + 4*o**2 + 5*o - 3. Let i(f) = -6*g(f) + n(f). Let t be 8/32 - (-38)/8. Give i(t).
3
Let b(v) = -2*v**2 + 12 + 7*v - 6*v + 4*v**3 - 14*v**2 - 3*v**3 + 13*v. What is b(15)?
-3
Let l(u) be the first derivative of u**3/3 + u**2/2 - u + 4. Let z(a) = a**2 + 5*a - 2. Let q(y) = -2*l(y) + z(y). Calculate q(3).
0
Let h(b) = 7*b**2 + 17*b - 1. Let m(j) = 11*j**2 + 26*j - 2. Let w(n) = 8*h(n) - 5*m(n). Let x(u) be the first derivative of w(u). Calculate x(-4).
-2
Let h(t) be the second derivative of -t**7/840 - t**6/72 - t**5/40 - t**4/12 + 8*t**3/3 - 3*t + 13. Let o(v) be the second derivative of h(v). Determine o(-3).
-11
Let r(a) = -7*a**3 + a**2 + 2*a + 1. Suppose -2*j + g + 8 = -26, 4*j + 2*g = 68. Let s = 18 - j. Let f be (2 - s)/(-18 + 17). What is r(f)?
7
Let b be ((-8)/2)/2*24/(-16). Let h(f) = -f**b - f**2 + 8 + 2*f + 3*f**2 - 6 + f. What is h(-2)?
12
Let c(z) = 2*z - 1. Let k(q) be the first derivative of -q**4/4 - 2*q**3 - 3*q**2 + 7*q + 5. Let u be k(-5). Suppose r - 4*r + u = 0. What is c(r)?
7
Let r(y) = -23*y + 5*y + 7 + 8 + y**2 + 0*y + 7. Give r(17).
5
Let x(k) = k + 4. Let d(g) = -g - 4. Let i(u) = 4*d(u) + 3*x(u). Suppose -19 - 16 = 2*p + 3*v, -4*v = -3*p - 10. What is i(p)?
6
Let p = -46 - -17. Let v = p - -29. Let c be v - (1 + 3) - -2. Let k(y) = y**3 - y**2 - y + 1. Calculate k(c).
-9
Let j(c) = -c - 11. Let u be j(-11). Let l(y) = -y**2. Calculate l(u).
0
Let q = -93 - -100. Suppose 5*m - 5*y + 50 = 0, -8 - q = 5*m + 2*y. Let a(h) = h + 2. What is a(m)?
-3
Let p(y) = 20*y - 74. Let w(l) = -7*l + 25. Let r(v) = -6*p(v) - 17*w(v). Determine r(11).
8
Let j(h) = 2*h**2 - 7*h + 5. Suppose 2*m = 2, -5*r - 4*m + 4 = -20. What is j(r)?
9
Suppose 5*a - 4 - 3 = -4*v, -a = 1. Let y(s) = -4*s + 2. What is y(v)?
-10
Let s = 0 + 8. Let h = 8 - s. Suppose 2*j - 4*z + 16 = h, -2*j - 6 = -0*z + z. Let b(k) = k - 5. Calculate b(j).
-9
Let c(d) = -d**2 - 4. Let a(k) = k**2 + 7*k + 3. Let m be a(-6). Let u be (18/30)/(m/(-15)). What is c(u)?
-13
Let j be (-1)/(-3)*(-18)/6. Let y(g) = 790*g + 3 - 1 - 15*g**3 - 791*g - 3. Calculate y(j).
15
Let c(d) be the second derivative of -d**3/6 + 2*d**2 - d. Let s(b) = -b**3 - 5*b**2 + b - 9. Let y be s(-4). Let x = -29 - y. Determine c(x).
4
Let v(p) = 11*p + 1. Let m(h) = -16*h + 164. Let y be m(10). Give v(y).
45
Let t(k) = -k**3 + 3*k**2 + 5*k + 2. Let h be t(4). Let q(u) be the first derivative of 7/3*u**3 - 4*u**2 - 1/4*u**4 + 9*u - 10. What is q(h)?
-3
Let x(v) be the third derivative of -4*v**2 - 1/360*v**6 + 0*v**4 + v**3 + 1/30*v**5 + 0 + 0*v. Let i(g) be the first derivative of x(g). Give i(4).
0
Let z(r) = 20*r + 22*r + 35 - r**2 - 40*r + 10. What is z(8)?
-3
Suppose -6*h - 40 = -16. Let o be 14/5 - h/(-5). Let v(g) = -g**2 + 3*g - 3. Determine v(o).
-1
Let c(x) = 3*x - 14. Let o = 46 + -36. Let j be c(o). Let r(t) = -10 + 3 + j + t. Determine r(-8).
1
Let f(c) be the second derivative of c**6/120 - c**4/24 + c**3/6 - 2*c. Let y(r) be the second derivative of f(r). Suppose -6 - 13 = 19*p. What is y(p)?
2
Let z(h) = 19*h + 237. Let i be z(-13). Let c(s) = s**3 + 11*s**2 + 12*s + 19. Give c(i).
-1
Suppose 5*f - 32 = 13. Let c be 7 - (f/3)/1. Let w = c - 5. Let o(b) = -13*b**2 - 2*b - 1. What is o(w)?
-12
Let o be (36/20)/(5/325). Suppose -o + 9 = 12*a. Let d(u) = u**3 + 10*u**2 + 9*u - 3. Calculate d(a).
-3
Let t(k) = -5*k**2 + 4*k**2 + 98*k + 1 + 102*k - 205*k. Suppose c = -5*j + 2*j - 14, 5*c = 4*j + 44. Calculate t(j).
-5
Let a(t) = 7*t**3 + 11*t**2 + 13*t. Let z(x) = -3*x**3 - 5*x**2 - 6*x. Let g(y) = -6*a(y) - 13*z(y). Let b = 2 + -2. Let k be (b - 2)/2 - -2. Calculate g(k).
-4
Let u(c) = 2*c - 4. Let m(t) = 8*t - 16. Let h(d) = -2*m(d) + 9*u(d). Give h(-2).
-8
Let t(b) be the first derivative of -1/3*b**3 + 1/12*b**4 + 1 + b**2 + 2*b. Let y(z) be the first derivative of t(z). Calculate y(2).
2
Let l(b) = 4*b + b + 3*b**2 - 4*b**2 - 3. Suppose q = 2*d - 4, -4*q + 28 = -2*d + 20. Determine l(q).
1
Suppose -3*g = g - 60. Let r = g + -17. Let j(s) = -s**2 + 2*s + 3. Give j(r).
-5
Let p(n) = -n**3 + n + 1. Let j(v) = -v**3 + 5*v**2 + 6*v + 8. Let d(f) = -j(f) + 2*p(f). Let t be ((-112)/42*3)/(2/1). Determine d(t).
-6
Suppose 4*a + a - 5*h = 30, -a - 14 = 4*h. Let w(i) = -2*i - 5. What is w(a)?
-9
Let l(f) = -f + 11. Let v be l(6). Let o(i) = v*i**2 + i**2 - 2*i**3 + 1 - 5*i + i**3. Suppose 5*w = 8 + 12. Give o(w).
13
Let w(d) be the first derivative of d**4/4 + 2*d**3 - 3*d**2/2 - 4*d + 425. What is w(-7)?
-32
Let d(w) = -3*w**3 - 3 - 10*w**3 - w**2 + 0 + 2 + 2*w**2. Determine d(1).
-13
Let i(t) = -t - 2. Let q be i(-5). Let w(k) be the second derivative of 2*k - 15 - 1/3*k**3 + 1/6*k**4 + 0*k**2. Determine w(q).
12
Let q(x) = x**3 - x**2 - x - 6. Let m = -4 - -4. Suppose 5 = o - 4*s - 3, -4*o + s + 2 = m. Determine q(o).
-6
Let z(s) = -22*s - 6. Let h(g) = 13*g + 4. Let d(o) = -5*h(o) - 3*z(o). Let n = 11 + -5. Give d(n).
4
Let p(a) = -3*a + 31. Let v(m) = -m**2 - 16*m - 17. Let u be v(-14). Determine p(u).
-2
Suppose -14*l - 311 = -339. Let n(k) = -7*k**3 + 6*k**3 - k - 2*k**2 + 5*k**2. Give n(l).
2
Let h(z) = 3*z**2 + 147*z + 17. Let c be h(-49). Let w(l) = -l**2 + 16*l + 6. What is w(c)?
-11
Let z be ((-42)/(-28))/((-1)/(-2)). Suppose -z*i - 8 = i. Let c(w) = 2*w**3 + w**2 + 3*w + 3. Give c(i).
-15
Suppose -35 - 13 = -6*o. Let r(a) = a**3 - 8*a**2 - 3*a + 10. Give r(o).
-14
Let o(c) = c**2 + 2*c + 2. Let w be o(0). Let x(q) = 3 + 0 - 3 + 2*q. Determine x(w).
4
Let s(u) = u**3 + 8*u**2 - 11*u + 8. Suppose -5*n - 12*n = 153. What is s(n)?
26
Suppose -11*p + 5 + 6 = 0. Let r(c) = -17*c**3 + c**2 - 1. What is r(p)?
-17
Let x(h) = 2*h**2 + h - 1. Suppose 0 = -0*w + w - 3. Suppose -w*q = -2*z - 4, 0 = 2*z - 2*q + q + 4. Let a = z - 0. Give x(a).
5
Let j(d) = d**3 - d**2 - d + 1. Let f(v) = 4*v**3 + 12*v**2 - 2*v + 13. Let w(b) = f(b) - 3*j(b). Give w(-15).
-5
Suppose 0 = -6*d - 244 - 32. Let p = -50 - d. Let q(c) = 2 - 2 + 3 + 0*c + c. What is q(p)?
-1
Let u(k) = -11*k**3 - 10*k**2 + 4*k + 11. Let z(j) = 3*j**3 + j**2 - j - 1. Let t(n) = u(n) + 4*z(n). Let q be 2 - 8/2*-1. Determine t(q).
7
Let x = 39 + -34. Let y be (x/((-20)/(-16)))/(-1). Let j(p) = p**3 + 4*p**2 - 4*p - 4. Determine j(y).
12
Let u(y) = -7*y**2 - 11*y + 6. Let v(f) = -10*f**2 - 16*f + 9. Let o(d) = -7*u(d) + 5*v(d). Let p be 8/(-56) - 646/(-14). Let z = p - 44. Determine o(z).
-7
Let x(f) = -3*f - f - 74 + 61 + 5*f. Calculate x(13).
0
Let q(d) be the third derivative of -3*d**7/280 - d**6/360 - d**3/2 - 4*d**2. Let l(j) be the first derivative of q(j). Determine l(-1).
8
Let y(n) = 3*n + 5*n**2 + 8 - 102*n**3 + 105*n**3 + 1. Let t(i) = 8*i - 3 - 3*i**2 - i**3 - 9*i + i**2. Let a(p) = 17*t(p) + 6*y(p). Calculate a(3).
-3
Let s(i) = 6*i + 19. Let l(w) = 3*w + 9. Let o(d) = -5*l(d) + 2*s(d). Let x be o(-3). Let k(n) = 3*n + 3*n - x*n - 6*n. Give k(2).
-4
Let q(f) = 13*f**2 + 6*f + 30. Let t(d) = -45*d**2 - 21*d - 108. Let y(n) = 18*q(n) + 5*t(n). Calculate y(-2).
30
Suppose 0 = 9*r - 14*r + 60. Suppose -2*b + 6 = -r. Let x(p) = p**3 - 10*p**2 + 8*p + 1. Calculate x(b).
-8
Suppose -5*l + 60 = -0. Let k(p) = 10 + l - 21 - 2*p. Let b be 29/(-9) + 4/18. Calculate k(b).
7
Let j(f) = -f**2 - 12*f + 12. Let p be j(-13). Let c(u) = -31*u + 1. What is c(p